.
-24
What is the value of (8 - (-10 + 2 + 13)) + (-1 - -2)?
4
(-7 - (-26 - -44)) + (-5 - 0)
-30
Calculate 4 - ((6 - (-6 + 11)) + (4 - 10)).
9
-8 - (-2 + (7 - (-6 - -3)))
-16
Evaluate 19 + (-5 - 2) - 10.
2
Calculate -8 + (1 + 2 - -3) - (1 - 4).
1
What is the value of -58 - (12 + (-90 - -39))?
-19
Evaluate (4 - 3) + (-2 - -14).
13
Calculate (20 - 27) + (-20 - 1).
-28
Evaluate 3 + (-11 - 34 - -31).
-11
Evaluate 2 - (18 - 10 - (7 + 4 + 2)).
7
What is 15 + -10 + 2 + -10?
-3
What is the value of -4 + -4 + (-13 - (-2 + 7 + -20))?
-6
Evaluate 40 - 34 - (2 + 9 + -1).
-4
Calculate -23 - (-36 - (1 - -2)).
16
(18 - 2 - (-55 + 75)) + -2
-6
Evaluate -1 - (-9 + (4 - -2) - (-8 + -23)).
-29
What is the value of (13 - 3) + -5 + 2 + (-5 - -6)?
8
Evaluate -64 + 51 + 23 + (-29 - 1).
-20
6 + (-9 - (-4 - (-2 - -8)))
7
What is (-3 + 4 - -7) + (-12 - (-8 + 0))?
4
Calculate (-4 - (5 - (11 - 0))) + -2.
0
6 - (7 - 30 - -16 - 7)
20
-84 + 63 - (-24 - -1)
2
What is -3 - -1 - (-93 + 107)?
-16
Evaluate 14 - ((-14 - (3 + -19)) + 15).
-3
Evaluate -7 + (16 - (12 - 11)) + 26.
34
Calculate -10 + 31 - (0 + (-5 - -9) - -3).
14
What is the value of (-7 - -4) + 2 + 6 + 5 + -5?
5
Evaluate 16 - (11 + (-14 - -4)).
15
What is the value of -1 - 7 - (11 - (-2 - -17)) - -3?
-1
-5 + 15 + -20 + -6
-16
(19 - 37) + 1 - -18 - 2
-1
Calculate (-27 - -32) + 2 + -1 - -12 - 3.
15
Calculate 2 + (2 - 1) - 2 - (-65 - -72).
-6
16 + (-10 - 7) + -3
-4
Evaluate 8 - ((0 - (-27 - 0)) + 23 + -29).
-13
Evaluate 1 - (11 - 37 - -10).
17
Evaluate 1 + -23 - (-169 - -165) - -4.
-14
What is (0 - -7) + -47 + (4 - -37)?
1
Evaluate -5 - (-9 + -3 - (37 - 47)).
-3
-2 + 1 + -17 + -2
-20
-11 - 7 - (-154 - -117)
19
Evaluate -26 + (8 + -19 - -20) + -1.
-18
Calculate -14 + (41 - 13) + -13.
1
What is -14 - -2 - (-18 + -6 - -1)?
11
What is 27 - -25 - 25 - 18?
9
1 - (0 - (7 + -12 + 7) - -4)
-1
What is 42 - (-19 + 35) - (-1 - -9)?
18
Calculate 0 - -3 - (-468 - -456).
15
35 + -57 + 1 + 17
-4
Calculate 14 + (2 - (3 + 2)).
11
5 - (11 - 7 - (0 + (7 - 6)))
2
What is the value of 11 + 0 + (-48 - -27) + (-1 - 1)?
-12
What is 5 + 3 + -6 + (14 - 9) + -6?
1
-18 - (18 - 43) - 0
7
What is the value of (7 - (-16 - -24)) + (-20 - -2)?
-19
What is 5 + -17 + -11 + 9?
-14
Evaluate (-18 - (-11 - 3)) + 19.
15
(2 - -12) + 21 + -23 - 19
-7
What is -133 + 158 + (-1 - 9)?
15
What is the value of 31 - (24 + -8) - 20 - (-18 - 0)?
13
Evaluate (-11 - (1 - 6 - -1)) + 4.
-3
(25 - (56 - 28)) + (28 - 1) - 3
21
What is the value of (1 - (4 + 14)) + (-14 - -18)?
-13
Calculate 1 + (5 - (-17 + 7)).
16
(35 - 29) + (-11 + -10 - 4)
-19
Evaluate (1 - -2 - 11) + -2 + -8 + 7.
-11
Calculate 1 - (8 + -6) - (4 - (9 + -2)).
2
Evaluate 12 + -23 + -4 + 10.
-5
What is 2 - (-3 - (-19 + 2 + 8)) - -2?
-2
Calculate -1 + 12 + -9 + 0 + -5 - 5.
-8
What is the value of 15 - (-9 - (9 - 26 - -2))?
9
What is (-3 + 0 - -11) + -30 + 24?
2
Calculate (-1 - (9 + 3 + -2 + 2)) + 4.
-9
Evaluate 19 - ((-34 - -31) + 11).
11
What is -4 + (5 + (11 - 30) - -11)?
-7
What is (6 - (-23 - (11 + -6) - -9)) + -1?
24
12 + (-1 - 1) + (21 - 33) + 15
13
Evaluate -4 - (-9 + (-3 - -4)).
4
What is 58 + -56 - (-5 + 2 - 0)?
5
0 - (-2 + -14 - -24)
-8
Evaluate 15 + -6 + -7 - 19.
-17
Calculate -14 + (5 - -12 - 7).
-4
What is (-32 - -1) + -49 + 69 - (0 + 0)?
-11
29 - 38 - (1 - 1)
-9
Calculate -2 - (-1 + -6 + -1 + 22 + -11).
-5
What is 1 - -8 - (-3 + 0 + (-357 - -378))?
-9
What is 0 + -14 + 27 + -3 + -15?
-5
What is 1893 + -1886 + -18 + 0?
-11
(-10 + 6 - -8) + -7 - -10
7
-31 + 18 + 9 + -28
-32
What is the value of (-17 - -14) + 24 + (2 - -1) + -9?
15
What is -211 + 214 + 0 + -5 + (-3 - -2)?
-3
Calculate (-22 + 17 - -16) + -7.
4
5 + -2 + -9 + 10
4
Evaluate (12 - 15) + (-1 - 2 - 0).
-6
(20 - 8) + (-25 - -3) - -22
12
0 - (-7 - 12) - 8
11
Evaluate (-10 - -16) + -13 + 6 + -19 - -7.
-13
-1 - (-9 - 8 - (-6 - 2))
8
What is -26 + 1 + 24 + (-19 - -11)?
-9
Evaluate -9 + 13 - (-1 - 0 - -3).
2
Calculate (-1 + 0 - (28 - 17 - 14)) + -12.
-10
What is 155 + -185 + 1 + -8 + 16?
-21
What is the value of (1 - -19) + (1829 - 1859)?
-10
Calculate -7 + 16 + -5 + (-2 - 32).
-30
(-10 - -19 - 8) + -7 - -8
2
-3 + -1 + (-11 - (4 - 4))
-15
What is the value of -3 + -16 + 10 + 3?
-6
Calculate -1 + 20 - (-43 - (-64 - -17)).
15
-32 - -39 - (6 - -1) - -8
8
What is -78 + 70 - (-28 - (1 + -5))?
16
Evaluate (-78 - -84) + (-3 - (-9 - -3)).
9
Evaluate -3 - (8 + 11 + 0 + 10 + 1).
-33
Evaluate 3 + -1 + 2 + (6 - 3).
7
What is -27 + (-6 - 2 - (-6 + (1 - -1)))?
-31
What is the value of (-11 + -6 + -1 - 4) + 3 + -1?
-20
Calculate (40 - 14 - 22) + (1 - -30).
35
Evaluate -5 - (-9 + -28) - 7.
25
What is the value of -7 + -8 + -6 + 5 + 6?
-10
-10 - (10 - (-5 + 14 - -7))
-4
What is the value of -28 + 16 + (-4 - (-13 + 17))?
-20
Evaluate 27 + (-4 - -3) + -1 - 4.
21
What is the value of -47 + (60 - 45 - (1 + 5))?
-38
Calculate -26 + -12 - -29 - (5 + 2).
-16
What is the value of (-25 - (-4 + 14) - -17) + 4?
-14
Calculate 4 + -7 + (-4 - -7 - -1).
1
(-3 - (-6 - 6)) + -10
-1
Evaluate -4 - 4 - (21 + -31 - 32).
34
1 + 16 + (53 - 84)
-14
Calculate -21 + (7 - (-2 + 2 + (8 - 3))).
-19
(3 - 7) + (-6 - (1 - (7 + -2)))
-6
Evaluate -8 - 7 - (96 + -114).
3
What is the value of 0 + 2 + (3 + -32 - (17 + -31))?
-13
What is 17 - (-18 + 35 - 14)?
14
Evaluate 0 - 7 - (3 + -62 + 35).
17
What is 13 + (-3 - 0) + -19?
-9
Calculate 11 + (-22 - -40 - 15).
14
What is -8 + 0 - (-9 + -3)?
4
What is 0 - ((4 - 1) + -5 - 1)?
3
Evaluate (-2 - -15) + (-581 - -568).
0
Evaluate (3 - ((-9 - 2) + 1)) + -5.
8
What is the value of (12 - 22) + 52 + (-9 - -4)?
37
-45 + 43 + 9 + (1 - 13)
-5
What is (18 - 18) + -4 + 5 + 18?
19
-3 - (2 + 0) - (-20 + -2 - -14)
3
What is the value of 13 + (-14 - -20 - (18 - 7))?
8
(-8 - -6 - 8) + 3
-7
What is the value of 6 + -12 + -10 + 10 + 4?
-2
Evaluate (2 - (24 + -5)) + (-7 - -14).
-10
(-3 - -15) + -5 + 31 + -37
1
What is -12 + 20 - (12 - (-8 + 4))?
-8
What is the value of 14108 + -14105 - ((38 - 0) + 1)?
-36
Evaluate 36 + -24 + -7 + 13 + -2.
16
What is 11 - -6 - (-97 - -109)?
5
What is (-1 + (-5 - -8) - 13) + 14?
3
Calculate (-7 - (0 + -12 + 10 + 6)) + 33.
22
Evaluate 27 + -33 - ((-2 - -5) + -3 - -20).
-26
What is the value of (4 + -1 - (21 - 7 - 7)) + -7?
-11
16 - (12 - 19) - 23
0
Calculate 27 + -8 + 6 + (-8 - -1) + 5.
23
Evaluate 5 + 4 + 7 - 25 - (2 + 12).
-23
Calculate (84 - 68) + -2 + -2.
12
1 - (-42 + 86 + -65)
22
What is the value of -22 + -19 + 21 + (1 - -2)?
-17
What is the value of -57 + 90 + 6 + (-14 - -2)?
27
(3 + 6 - 16) + 3 + (4 - 6)
-6
What is the value of (-13 - -27 - 15) + (7 - 2)?
4
What is the value of -211 + 210 + -5 + -3 + -4 + 1?
-12
What is 8 + 2 - (20 - 12) - -10?
12
Calculate -8 - (-29 + 10) - 8 - -8.
11
Evaluate -247 - -203 - (2 - 28).
-18
What is the value of 4 - (20 + -15 - (-9 + 26))?
16
Calculate (-1 - -8) + 16 + (-10 - (0 + 4)).
9
What is the value of 1 + -1 + 34 + -11 + -13 + 7?
17
What is -8 + (12 - 0) + (-13 - -14 - 6)?
-1
What is the value of 4 - (-225 + 224 - (-1 - 7 - -2))?
-1
What is -32 - ((-33 - -22) + -24)?
3
(1 - 5) + -3 - (-122 - -122)
-7
Evaluate (2 - (-5 - 0)) + -4 + 2.
5
Calculate -6 + 3 + 1 + -5 + (19 - 10).
2
Calculate (1 - 6) + (-2 - -2) + (374 - 348).
21
What is the value of -5 - (-29 + 17) - -1?
8
What is the value of 9 - 7 - -35 - (72 - 59)?
24
What is the value of 16 + -5 + -8 + 7?
10
Calculate 25 + -18 + (0 - (-12 - -2)).
17
9 - -8 - (0 - 1 - -9)
9
-9 + (-9 - (14 - 28))
-4
(44 + -52 - (7 + -1)) + -8
-22
What is -11 + (-3 - -7 - -10) - 17?
-14
Evaluate 5 - 24 - (82 + -92).
-9
Evaluate -12 + 8 + (0 - 2) - 6.
-12
148 + -142 - (1 - 19 - -3)
21
Calculate -3 + 6 + (4 - (-8 + 18)) + -16.
-19
Calculate -11 - -6 - (-28 + 1).
22
What is (-7 - (-22 - 0) - 11) + -7?
-3
What is -28 + (21 - (3 + -16))?
6
What is the value of -36 - ((-50 - -19) + 7)?
-12
What is the value of (-4 + (-6 - -10) - 7) + 14?
7
What is 46 + -70 + 29 + (-6 - 0)?
-1
8 - (3 + (-3 - -5) - 0 - 0)
3
2 + -7 - (-4 + 23 - 5) - -5
-14
Evaluate 7 + 3 + -1 - (-10 - -5).
14
What is the value of 2 - 3 - (6 - (-11 + 19 + -8))?
-7
-7 + 0 + -2 + 16 + 1 + 6
14
What is the value of -1 + (-9 - 0) + 12 + -11?
-9
Calculate 0 + 0 + (-86 - -90).
4
What is (42 - 60 - (-17 + -8)) + (8 - 0)?
15
Calculate -15 - (-9 + 14 + -27).
7
Evaluate 6 - 1 - (-120 + 133).
-8
(66 - 69) + (-4 - (-5 +